{"id":194,"date":"2024-03-01T09:05:23","date_gmt":"2024-03-01T08:05:23","guid":{"rendered":"https:\/\/karin-engeli.ch\/tango\/?page_id=194"},"modified":"2024-03-04T14:34:22","modified_gmt":"2024-03-04T13:34:22","slug":"agb","status":"publish","type":"page","link":"https:\/\/karin-engeli.ch\/tango\/agb\/","title":{"rendered":"Allgemeine Gesch\u00e4ftsbedingungen (AGB)"},"content":{"rendered":"\n<h3 class=\"wp-block-heading\"><strong>1. VERTRAGSABSCHLUSS UND ANMELDUNG<\/strong><\/h3>\n\n\n\n<p>1.1 Die nachfolgenden allgemeinen Bedingungen regeln das Vertragsverh\u00e4ltnis zwischen Ihnen als&nbsp;Teilnehmer*in&nbsp;und Karin Engeli als Veranstalterin. Sie sollen Ihnen die Rechte und Pflichten beider Vertragsparteien offen und klar aufzeigen.&nbsp;<\/p>\n\n\n\n<p>1.2 Der Vertrag zwischen Ihnen und Karin Engeli kommt mit der vorbehaltlosen Annahme Ihrer schriftlichen, telefonischen, pers\u00f6nlichen oder elektronischen Anmeldung durch Karin Engeli zustande. Von diesem Zeitpunkt an werden die Rechte und Pflichten aus dem Vertrag (mitsamt diesen Allgemeinen Gesch\u00e4ftsbedingungen) wirksam.&nbsp;<\/p>\n\n\n\n<p>1.3 Sonderw\u00fcnsche sind nur Vertragsinhalt, wenn sie von Karin Engeli akzeptiert und vorbehaltlos schriftlich best\u00e4tigt worden sind.<\/p>\n\n\n\n<p>1.4&nbsp;Bei Kindern und Jugendlichen unter dem 18.&nbsp;Lebensjahr ist ein Vertragsabschluss nur mit Einwilligung der*des Erziehungsberechtigten m\u00f6glich. Die*der Erziehungsberechtigte, die*der im Namen der*des minderj\u00e4hrigen Kundin*Kunden den Vertrag abschliesst, erkl\u00e4rt ihr*sein Einverst\u00e4ndnis, dass die Veranstalterin keinerlei Aufsichtspflichten \u00fcber die*den Minderj\u00e4hrige*n aus\u00fcbt. Dies gilt insbesondere f\u00fcr das Verhalten unmittelbar vor Beginn oder nach Ende des Termines und ausserhalb des Veranstaltungsortes. Die*der Erziehungsberechtigte \u00fcbernimmt die pers\u00f6nliche Haftung f\u00fcr s\u00e4mtliche Verbindlichkeiten der*des Minderj\u00e4hrigen. Die*der Erziehungsberechtigte hat dar\u00fcber hinaus die Veranstalterin hinsichtlich s\u00e4mtlicher Schadenersatzanspr\u00fcche schad- und klaglos zu halten, die von der*vom Minderj\u00e4hrigen geltend gemacht werden.<a><br><\/a><\/p>\n\n\n\n<h3 class=\"wp-block-heading\"><strong>2. PREISE UND ZAHLUNGSBEDINGUNGEN<\/strong>&nbsp;<\/h3>\n\n\n\n<p>2.1 Die Preise verstehen sich, wenn nichts anderes bei der Ausschreibung erw\u00e4hnt ist, in CHF.<\/p>\n\n\n\n<p>2.2 Bei definitiver Buchung ist die Zahlung von 100% des vereinbarten Preises&nbsp;vor Ort in bar oder via Twint zu leisten.<br><\/p>\n\n\n\n<h3 class=\"wp-block-heading\"><strong>3. UMBUCHUNG UND ANNULLIERUNG DURCH SIE<\/strong>&nbsp;<\/h3>\n\n\n\n<p>3.1&nbsp;Bei einer Annullation, \u00c4nderung oder Umbuchung werden pro Person CHF 50.\u2013 Bearbeitungsgeb\u00fchr erhoben (s. auch Ziffer 3.3). Diese Bearbeitungsgeb\u00fchr wird nicht durch eine bestehende Annullationskostenversicherung gedeckt.&nbsp;<\/p>\n\n\n\n<p>3.2&nbsp;K\u00f6nnen Sie den Termin nicht warnehmen oder stornieren Sie Ihre Buchung, entstehen Ihnen folgende Kosten:<br>R\u00fccktritt 29\u201315 Tage vor Beginn: 50%<br>R\u00fccktritt 14\u2013 0 Tage vor Beginn: 100%&nbsp;<\/p>\n\n\n\n<p>3.3&nbsp;Karin Engeli&nbsp;empfiehlt, eine Annullierungskosten- und Reiseversicherung abzuschliessen.<\/p>\n\n\n\n<p>3.4 Wenn Sie Ihre Reise vorzeitig abbrechen, erfolgt keine R\u00fcckverg\u00fctung f\u00fcr nicht bezogene Leistungen.<br><\/p>\n\n\n\n<h3 class=\"wp-block-heading\"><strong>4. UMBUCHUNG UND ANNULLIERUNG DURCH KARIN ENGELI<\/strong><\/h3>\n\n\n\n<p>4.1 Karin Engeli beh\u00e4lt sich das Recht vor, Termine auf ein anderes Datum zu verlegen oder abzusagen. Im Falle einer Stornierung wird ein Ersatztermin angeboten.<\/p>\n\n\n\n<p>4.2&nbsp;Im Falle einer Stornierung&nbsp;aus unvorhergesehenen Gr\u00fcnden wie z.\u2009B. h\u00f6here Gewalt, kriegerische Ereignisse, Unruhen, Streiks, beh\u00f6rdliche Massnahmen oder \u00c4hnliches verunm\u00f6glicht oder unverantwortbar werden sollte, erstattet Karin Engeli Ihnen Ihre Zahlung.<\/p>\n\n\n\n<h3 class=\"wp-block-heading\"><strong>5. HAFTUNG<\/strong><\/h3>\n\n\n\n<p>5.1 Haftungsausschl\u00fcsse&nbsp;<br>Karin Engeli haftet Ihnen gegen\u00fcber nicht, wenn die Nichterf\u00fcllung oder die nicht geh\u00f6rige Erf\u00fcllung des Vertrages auf folgende Ursachen zur\u00fcckzuf\u00fchren ist:&nbsp;<br>a) auf Vers\u00e4umnisse Ihrerseits vor oder w\u00e4hrend des Termines;&nbsp;<br>b) auf unvorhersehbare oder nicht abwendbare Vers\u00e4umnisse einer*eines Dritten, die*der an der Erbringung der vertraglich vereinbarten Leistung nicht beteiligt ist;&nbsp;<br>c) auf h\u00f6here Gewalt oder auf ein Ereignis, welches Karin Engeli, die*der Vermittler*in oder die*der Dienstleistungstr\u00e4ger*in trotz gebotener Sorgfalt nicht vorhersehen oder abwenden konnten.&nbsp;<br>In diesen F\u00e4llen ist jegliche Schadenersatzpflicht ausgeschlossen.&nbsp;<\/p>\n\n\n\n<p>5.2 Karin Engeli haftet nicht f\u00fcr Personensch\u00e4den, Tod, K\u00f6rperverletzungen und Erkrankung w\u00e4hrend des Termines.<\/p>\n\n\n\n<p>5.3 Karin Engeli haftet nicht bei Sach- und Verm\u00f6genssch\u00e4den.<\/p>\n\n\n\n<p>5.4 Karin Engeli macht Sie ausdr\u00fccklich darauf aufmerksam, dass Sie f\u00fcr die sichere Aufbewahrung von Wertgegenst\u00e4nden, Bargeld, Schmuck, Kreditkarten, Foto- und Videoausr\u00fcstungen usw. selber verantwortlich sind. Bei Diebstahl, Verlust, Besch\u00e4digung oder Missbrauch von abhandengekommenen&nbsp;Scheck- und Kreditkarten usw. haftet Karin Engeli nicht.<\/p>\n\n\n\n<p>5.5 Versicherung ist Ihre Sache.<\/p>\n\n\n\n<h3 class=\"wp-block-heading\"><strong>6. COPYRIGHT UND URHEBERSCHUTZ<\/strong><\/h3>\n\n\n\n<p>6.1 Die Lehrinhalte dienen ausschliesslich der pers\u00f6nlichen Nutzung durch Sie. Sie d\u00fcrfen die Urheberrechte der Veranstalterin nicht verletzen. Video- und Fotoaufnahmen sowie deren Ver\u00f6ffentlichung sind nur mit ausdr\u00fccklicher Zustimmung der Veranstalterin gestattet.<\/p>\n\n\n\n<h3 class=\"wp-block-heading\"><strong>7. DATENSCHUTZ<\/strong><\/h3>\n\n\n\n<p>7.1&nbsp;Mit einer Anmeldung erkl\u00e4ren Sie sich mit der Speicherung Ihrer Daten einverstanden. Diese werden nicht an Dritte weitergegeben und werden ausschliesslich zu internen Zwecken verwendet.&nbsp;<\/p>\n\n\n\n<h3 class=\"wp-block-heading\"><strong>8. HAUSORDNUNG<\/strong><\/h3>\n\n\n\n<p>8.1&nbsp;Sie sind zur Einhaltung der Hausordnung des jeweiligen Veranstaltungsortes verpflichtet, an dem die Angebote der Veranstalterin stattfinden. Andernfalls werden Sie von der jeweiligen Veranstaltung ausgeschlossen.<\/p>\n\n\n\n<h3 class=\"wp-block-heading\"><strong>9. ERG\u00c4NZENDE BESTIMMUNGEN<\/strong><\/h3>\n\n\n\n<p>9.1 Karin Engeli beh\u00e4lt sich \u00c4nderungen der Allgemeinen Gesch\u00e4ftsbedingungen vor.<\/p>\n\n\n\n<h3 class=\"wp-block-heading\"><strong>10. ANWENDBARES RECHT&nbsp;\/ GERICHTSSTAND<\/strong><\/h3>\n\n\n\n<p>10.1 Auf die Rechtsbeziehung zwischen Ihnen und Karin Engeli ist ausschliesslich schweizerisches Recht anwendbar. <\/p>\n\n\n\n<p>10.2 F\u00fcr Klagen gegen Karin Engeli wird der ausschliessliche Gerichtsstand Z\u00fcrich vereinbart.<\/p>\n\n\n\n<div style=\"height:30px\" aria-hidden=\"true\" class=\"wp-block-spacer\"><\/div>\n\n\n\n<p><em>Karin Engeli, 2024<\/em><\/p>\n","protected":false},"excerpt":{"rendered":"<p>1. VERTRAGSABSCHLUSS UND ANMELDUNG 1.1 Die nachfolgenden allgemeinen Bedingungen regeln das Vertragsverh\u00e4ltnis zwischen Ihnen als&nbsp;Teilnehmer*in&nbsp;und Karin Engeli als Veranstalterin. Sie &hellip; <span class=\"more-button\"><a href=\"https:\/\/karin-engeli.ch\/tango\/agb\/\" class=\"more-link\">Continue Reading<span class=\"screen-reader-text\">Allgemeine Gesch\u00e4ftsbedingungen (AGB)<\/span><\/a><\/span><\/p>\n","protected":false},"author":1,"featured_media":0,"parent":0,"menu_order":0,"comment_status":"closed","ping_status":"closed","template":"templates\/no-sidebar.php","meta":{"_sitemap_exclude":false,"_sitemap_priority":"","_sitemap_frequency":"","footnotes":""},"_links":{"self":[{"href":"https:\/\/karin-engeli.ch\/tango\/wp-json\/wp\/v2\/pages\/194"}],"collection":[{"href":"https:\/\/karin-engeli.ch\/tango\/wp-json\/wp\/v2\/pages"}],"about":[{"href":"https:\/\/karin-engeli.ch\/tango\/wp-json\/wp\/v2\/types\/page"}],"author":[{"embeddable":true,"href":"https:\/\/karin-engeli.ch\/tango\/wp-json\/wp\/v2\/users\/1"}],"replies":[{"embeddable":true,"href":"https:\/\/karin-engeli.ch\/tango\/wp-json\/wp\/v2\/comments?post=194"}],"version-history":[{"count":4,"href":"https:\/\/karin-engeli.ch\/tango\/wp-json\/wp\/v2\/pages\/194\/revisions"}],"predecessor-version":[{"id":221,"href":"https:\/\/karin-engeli.ch\/tango\/wp-json\/wp\/v2\/pages\/194\/revisions\/221"}],"wp:attachment":[{"href":"https:\/\/karin-engeli.ch\/tango\/wp-json\/wp\/v2\/media?parent=194"}],"curies":[{"name":"wp","href":"https:\/\/api.w.org\/{rel}","templated":true}]}}